
Does 5 divide -1*(0 + 3) + 15?
False
Suppose s = -2*y + 11, 14 = -4*s + 6*s + 2*y. Suppose 9 = 5*p - 3*k, 0 = -s*p + 2*k - 3*k + 11. Suppose 5*g = 5*q + g - 144, -2*g = -p*q + 86. Does 14 divide q?
True
Let t(z) = 33*z**2 + z. Is t(-1) a multiple of 23?
False
Let k(o) = 2*o - 12. Let z be k(8). Suppose 0*i = z*f + 5*i - 117, -2*i = -f + 13. Is 10 a factor of f?
False
Let t be 1/2 - 14/(-4). Suppose -p = t - 12. Let s = 19 + p. Does 12 divide s?
False
Let g = 11 - 7. Suppose 0 = 2*n - b - 20, -46 + 2 = -g*n + 3*b. Is n a multiple of 4?
True
Let o = 28 - 20. Is ((-8)/14)/(o/(-28)) a multiple of 2?
True
Let h = -91 - -137. Is 12 a factor of h?
False
Let p be (-2)/(-6)*(-30)/(-5). Suppose 8 - 22 = 5*g + 2*x, 6 = p*x. Is 912/20 - g/10 a multiple of 23?
True
Let w = -464 - -664. Is 40 a factor of w?
True
Is ((-1092)/(-24))/(2/4) a multiple of 7?
True
Let z(a) = 55*a**2 - a. Does 7 divide z(1)?
False
Suppose 0 = -4*d - d. Suppose -4*y + 0*y - 48 = d. Does 8 divide y/(-2)*(-20)/(-5)?
True
Is (0 + (-2 - -5))*5 a multiple of 2?
False
Let x = 43 + -6. Is x a multiple of 5?
False
Let w = 7 + 1. Suppose w*m - 3*m - 45 = 0. Does 9 divide m?
True
Let a be 2/3 - (-16)/12. Suppose 3*q + a*x - 326 = 0, 4*x = -2*q - 2*q + 432. Let g = -71 + q. Does 15 divide g?
False
Suppose -25 = -4*o + f, -2*o - 5*f - 12 = 3. Suppose -o*a + 0*l = -3*l - 40, -4*a = l - 32. Does 4 divide a?
True
Let a = 6 - 4. Suppose 0 = -0*p + a*p - 64. Does 12 divide p?
False
Suppose 3*s + s = 8. Let l be ((-3 - -3)/(-2))/s. Is 15 a factor of l - (2 - 48/2)?
False
Suppose -l = -4*u + 151, 4*l = -u - 17 + 42. Let j = -13 + u. Is j a multiple of 12?
True
Let g = 2 - 1. Let d = 5 - g. Is 2 a factor of d?
True
Suppose 0 = -4*l - 4*o + 192, -3*o = -1 + 10. Suppose 4*m + 3 - l = 0. Is m a multiple of 9?
False
Let n be -3 - -4 - 2/2. Suppose n = -2*y + 30 + 36. Does 10 divide y?
False
Let h = 590 - 300. Is 23 a factor of h?
False
Let w(q) = 12*q**3 - 4*q**2 + 2*q. Let r be w(3). Suppose -3*n - r = -3*z, n + 287 = 3*z + 5*n. Suppose z = 4*o - 115. Is o a multiple of 22?
False
Let l be (-3)/5 - 24/(-40). Suppose -4*h + l*h = -20. Is h a multiple of 5?
True
Let n(l) = 5*l**2 + 0*l**2 - 2*l**2. Let x be n(-1). Suppose -o = -x - 13. Is o a multiple of 8?
True
Let t(d) = d**3 + 15*d**2 + 12*d - 17. Suppose -2*i + 5*j - 41 = 2*i, -2*i = -4*j + 16. Is t(i) a multiple of 11?
True
Let y be 5/(-15) - 14/(-6). Suppose -3*t = -y*k + 18, 4*t = -5*k - 4 + 49. Is 4 a factor of k?
False
Suppose 0 = -3*v - v + 4, -2*m + 89 = v. Is m a multiple of 9?
False
Let b(k) = 7*k - 1. Let g be b(5). Let m = 72 - g. Is m a multiple of 19?
True
Let f(i) = -i**3 - 6*i**2 + 6*i + 2. Let x be f(-7). Suppose -4*p + 159 = -x. Does 21 divide p?
True
Let c(a) = -a**3 - 10*a**2 + a. Let j be c(-10). Does 8 divide 252/15 - 2/j?
False
Suppose 4*p = -2*g - 0*p - 6, 0 = -4*g + p + 15. Suppose -5*i = -5*a - 55, -a = i - g*a - 15. Suppose -5*k = q + i, 2*q + q - 4*k - 55 = 0. Does 6 divide q?
False
Suppose -4*f + 12 = 2*y, -2*f + 9 = 3*y - 1. Let o(j) = 5 - 2*j + y + 4*j + 0. Does 7 divide o(6)?
False
Let q(m) = 4*m**3 - 15*m**2 + m + 12. Let x(r) = -3*r**3 + 14*r**2 - r - 11. Let n(s) = -4*q(s) - 5*x(s). Let p be n(-10). Does 19 divide (-6)/p - 17/(-1)?
True
Let v(d) = -d**3 - d**2 + d + 6. Let w be v(0). Let r = w - -1. Suppose 3*a - 17 = r. Is a a multiple of 8?
True
Let k(a) = 16*a - 3. Let m be k(2). Suppose 4*d + d - m = -3*f, -f + 19 = 3*d. Is 7 a factor of d?
True
Let f(a) = -2*a + 7. Let w be f(5). Let o(x) = 7*x**2 + 10*x + 11. Let y(p) = -3*p**2 - 5*p - 6. Let u(d) = 3*o(d) + 5*y(d). Is 21 a factor of u(w)?
True
Suppose 0 = -7*u + 661 - 115. Does 13 divide u?
True
Suppose -y + 4*y - 18 = 0. Suppose 2*m - 20 + y = 0. Let x(j) = 2*j**2 - 8*j + 10. Is 26 a factor of x(m)?
True
Suppose 0 = 3*i - 2*i - 6. Suppose i = -4*c - 6, -2*c = 3*s - 6. Is s a multiple of 2?
True
Let l be (1 - 0)*(3 + -3). Suppose -2*y - 70 = -4*m - l*y, -4*y = m - 31. Does 5 divide m?
False
Is (27 - 2) + 1*-4 a multiple of 8?
False
Let h(f) = -f**2 + 10*f + 6. Let c be (-1 + -3)/(4/(-8)). Does 11 divide h(c)?
True
Suppose -6 + 16 = 2*j. Suppose 0*i - 3*i + 31 = 4*l, -45 = -j*l - 5*i. Suppose -2*z - 10 = -l*z. Is 2 a factor of z?
False
Suppose -4*g = -7 - 57. Is g a multiple of 3?
False
Let m = 2 + -2. Suppose -4*l + 7*l - 75 = m. Is 15 a factor of l - 0/((-3)/(-3))?
False
Suppose 3*d = -5*h + 115, h + h + 5*d - 46 = 0. Is h a multiple of 3?
False
Let b = -12 - -20. Is b a multiple of 6?
False
Let k be (-25)/9 - (-14)/(-63). Let i = k - -7. Is 2 a factor of i?
True
Is (-6)/((-5)/((-100)/(-8))) a multiple of 5?
True
Suppose -5*g + g = 4*u - 152, 50 = g - 5*u. Is g a multiple of 8?
True
Let x be ((-4)/12)/((-2)/18). Suppose 5*y = -5*l + 30, -4*l = 6*y - x*y - 24. Is l a multiple of 6?
True
Let s be (62/6)/((-4)/12). Let o = 51 + s. Does 20 divide o?
True
Let f be 0 - (-2 - -2)/(-3). Is 21 a factor of 42*(-2 - (-3 + f))?
True
Does 6 divide 9 - (-3 - -6)*-1?
True
Let y(i) = -i + 2. Let l(d) = d**3 - 7*d**2 - 7*d + 3. Let f be l(8). Let r be y(f). Does 12 divide r/(-4)*32/3?
True
Let n(d) = -2*d + 1. Let k be n(-2). Let r(l) = 4*l - 6*l - 2 - k*l + 2*l. Is 4 a factor of r(-2)?
True
Suppose -r = -12 - 12. Is r a multiple of 12?
True
Let y(q) = q - 1. Let s be y(3). Suppose 3*x + 0*f = 3*f + 57, s*x + 5*f - 45 = 0. Does 8 divide x?
False
Suppose -2*r + 0*r = -112. Let o = -33 + r. Let q = -6 + o. Does 10 divide q?
False
Suppose 5*f + g - 327 = 0, 3*g + 64 - 187 = -2*f. Is 16 a factor of f?
False
Suppose -47 + 2 = -5*v. Does 9 divide v?
True
Suppose -z + 21 = -0*z + 5*v, z = 5*v - 9. Suppose -3*m + z = -2*m. Is 4 a factor of m?
False
Suppose 372 = 5*p - 858. Is 41 a factor of p?
True
Let p(m) = -m**2 - 20. Let x be p(0). Is 11 a factor of (132/x)/((-2)/10)?
True
Let q(y) = y**2 - 7*y + 9. Let t be q(6). Suppose -2*c + 4 = 3*b, t*b = 4*c - 2*c + 8. Suppose 2*s = 3*o - 9 + 41, 0 = b*o - 8. Is s a multiple of 9?
False
Let g be 3/6*-22 - 1. Let b be 8/g*(2 + -59). Suppose -13 = y - b. Does 25 divide y?
True
Let h be 4/14 + 78/21. Suppose -h = -z + 2*c - 0*c, -2*z = -2*c - 14. Does 10 divide z?
True
Let j = 3 + -5. Let h(s) = -s**2 - s + 2. Let b be h(j). Suppose -3*m + 66 = -b*m. Is 11 a factor of m?
True
Let n(z) = 3*z**2 - 3*z + 9. Let i(s) = -s**2 - s. Let y(r) = 4*i(r) + n(r). Does 15 divide y(-6)?
True
Suppose -2*z - 539 = -5*r, -3*z = -2*r + z + 222. Let v = -10 + 29. Suppose -r + v = -4*m. Is m a multiple of 10?
False
Is (28/3 + 0)*3 a multiple of 7?
True
Suppose 132 = -x + 2*x. Is 27 a factor of x?
False
Let f = 29 - 6. Does 7 divide f?
False
Suppose 0 = -4*x + 3*x - 11. Let m = -6 - x. Suppose -101 = -m*g + 39. Is 14 a factor of g?
True
Suppose -684 - 301 = -5*g. Is 12 a factor of g?
False
Let s(b) = -b**3 + 2*b**2 - 1. Let d be s(2). Let m be (d/2)/(1/(-4)). Let v = 5 - m. Is 3 a factor of v?
True
Suppose 5*m - 116 = 284. Suppose 4*l - 4*z = m, -4*l = -l - 5*z - 54. Is 7 a factor of l?
False
Suppose -4*x + 146 = 3*u, -x - 5*u + 12 = -33. Does 7 divide x?
True
Let s(p) = -p**2 + 2*p + 17. Does 4 divide s(0)?
False
Let g be (-9)/27 + (-7)/(-3). Suppose 3*s - 36 = -0*s + 4*f, -28 = -g*s + 4*f. Does 4 divide s?
True
Suppose 0 = 5*v + 4*o + 157, -128 = 4*v + 3*o - o. Let j = v - -49. Is j a multiple of 6?
False
Let f = 8 - 10. Let v(n) = -3*n - 1. Is v(f) a multiple of 2?
False
Suppose -7*t + 3*t = -72. Suppose -5*n = -7 - t. Suppose -n*i - 4*m + m + 46 = 0, 0 = -5*i + 3*m + 34. Does 8 divide i?
True
Suppose 15 - 567 = -2*q - 4*z, 0 = -5*q + 2*z + 1404. Is q a multiple of 70?
True
Let k = 14 - 4. Is k a multiple of 7?
False
Let c(p) = 3 - 2*p + 4 + p. Let k be c(4). Suppose 4*u = 4*r - 24, 4*r + k*u - 1 = 16. Is 2 a factor of r?
False
Suppose 5*h - 3*r = 197, -4*h - 3*r = -r - 140. Is h a multiple of 12?
False
Let o(h) = h**3 + 11*h**2 + 4*h - 4. Let s be o(-8). Let f = s - 95. Is 26 a factor of f?
False
Let p = -14 + 8. Let g = 16 + p. Suppose 5*w - g = -5*z, -4*w + 0*z = -3*z - 15. Is 2 a factor of w?
False
Let d = -1 - -4. Suppose d*p - 7*p = -2*k + 70, -3*p = 3. Does 11 divide k?
True
Let o(v) = v**2 - 5 - 4*v - 2 + 4*v - 5*v. Is 11 a factor of o(8)?
False
Let c = 2 - 5. Let m(w) = -9*w - 1. Let l be m(c). Suppose 3*h - 65 = -l. Does 13 divide h?
True
Let h = -